e 7, what is 1202606506 + 15?
1202606524
In base 13, what is ca7 - -1555?
252c
In base 6, what is -1 + -1014352324?
-1014352325
In base 5, what is 10 + -404014312334?
-404014312324
In base 7, what is -36 + -111513251?
-111513320
In base 14, what is -1 + -4a82b9?
-4a82ba
In base 3, what is -10110 - 11100121021211?
-11100121102021
In base 4, what is 2331 - -11130030?
11133021
In base 11, what is 108a8 + 961?
11759
In base 5, what is 3021110 + -314413?
2201142
In base 14, what is -b092 - 2bd?
-b371
In base 16, what is c5e + 1449?
20a7
In base 11, what is 377 - 343338?
-342a71
In base 13, what is 1 + 427b398?
427b399
In base 5, what is -3 + 13230031142?
13230031134
In base 4, what is -113002 + -313000202?
-313113210
In base 13, what is 0 + 43486840?
43486840
In base 10, what is -2362 + -305101?
-307463
In base 2, what is 11 - -11001000001001000111?
11001000001001001010
In base 6, what is -12 - -4335115144?
4335115132
In base 15, what is 3 - 3d3b94?
-3d3b91
In base 5, what is -1 + -1314100424?
-1314100430
In base 2, what is 101100 + -100011100001?
-100010110101
In base 14, what is 1916ab + 54?
191721
In base 16, what is f - -5d54ff?
5d550e
In base 11, what is 5 - -6a761986?
6a761990
In base 10, what is 184350 - -38?
184388
In base 7, what is -1 - -4234642234?
4234642233
In base 15, what is -ae3 + 597e9?
58c06
In base 10, what is 1168896 + 4?
1168900
In base 16, what is 2dd7de + -70?
2dd76e
In base 14, what is -1889758 + a?
-188974c
In base 6, what is 5 - 53512411?
-53512402
In base 13, what is 1 - 1459791?
-1459790
In base 16, what is -122e + -477?
-16a5
In base 5, what is -1022123 + -24422?
-1102100
In base 15, what is 5e0722 - 1?
5e0721
In base 3, what is -2021111102201100 - -10?
-2021111102201020
In base 9, what is 0 - 3756002?
-3756002
In base 15, what is -530098 + -e?
-5300a7
In base 12, what is 1366152 + 5?
1366157
In base 9, what is 4637478 - 13?
4637465
In base 8, what is 20543324 + 140?
20543464
In base 12, what is -39a717 - 3?
-39a71a
In base 4, what is -2 + -13210132103?
-13210132111
In base 2, what is 11 - -1100010011110010001011100001?
1100010011110010001011100100
In base 6, what is -3325424325 + 43?
-3325424242
In base 13, what is b7b997 + -b?
b7b989
In base 5, what is -123 - 4243021332?
-4243022010
In base 2, what is -1011110110010 - -1101100111?
-1010001001011
In base 4, what is 1301 - 1010023212?
-1010021311
In base 8, what is -5625 + -3544?
-11371
In base 8, what is 50540 - -143?
50703
In base 14, what is d - -456502?
456511
In base 10, what is 1146115357 + 0?
1146115357
In base 16, what is 5 - -ff2e14?
ff2e19
In base 4, what is 112032 - -13?
112111
In base 6, what is -525 - 105425122?
-105430051
In base 11, what is 1751 + 3459?
50aa
In base 15, what is 13c4 - 3ee?
ec5
In base 7, what is 121 - -12603000?
12603121
In base 2, what is 1100100010111101110010111111 - -100?
1100100010111101110011000011
In base 2, what is 11000010110 + 100001011101111?
100100100000101
In base 12, what is -9 + 268b0a43?
268b0a36
In base 12, what is -15b09a0 - 5?
-15b09a5
In base 9, what is 11 - -14522377?
14522388
In base 7, what is -32514631 - -233?
-32514365
In base 14, what is 26ab26 - -16?
26ab3c
In base 3, what is -1100120212 - 1010202?
-1101201121
In base 7, what is -355214146 - 16?
-355214165
In base 16, what is -4452 + 6d3?
-3d7f
In base 11, what is 27649 - a0a?
2673a
In base 3, what is -11121020121 + 1111101?
-11112202020
In base 12, what is 100 + -69a2a?
-6992a
In base 7, what is 10 + -213102005?
-213101665
In base 15, what is 6c04 - 16?
6bdd
In base 3, what is 11122 + 1122012012220?
1122012101112
In base 3, what is -11111201100220 + -2?
-11111201100222
In base 12, what is -4bb4b7 + 18a?
-4bb329
In base 11, what is -92 + 153125?
153043
In base 15, what is 310a - -61c6?
92d1
In base 6, what is 122 + -34540152?
-34540030
In base 12, what is 8804 - -297?
8a9b
In base 11, what is 11 + 12a6960?
12a6971
In base 14, what is -672c7 + -28?
-67311
In base 16, what is -3 - -427085?
427082
In base 9, what is -4204735 - -1?
-4204734
In base 14, what is -c + -50619?
-50627
In base 14, what is -6 + -13923d?
-139245
In base 5, what is 10 - 1223004222?
-1223004212
In base 3, what is 10 - -2000122022222?
2000122100002
In base 5, what is -4 + 100411121?
100411112
In base 16, what is -48 - -14da?
1492
In base 4, what is 110311000030 - -10?
110311000100
In base 11, what is -33a1804 + -5?
-33a1809
In base 3, what is -122022200 - -220101100?
21001200
In base 8, what is -51143111 + 1?
-51143110
In base 9, what is 632605 - -132?
632737
In base 8, what is -221 + -17130536?
-17130757
In base 5, what is -204101243 - 11?
-204101304
In base 8, what is -51660667 + -4?
-51660673
In base 10, what is 1 + -947745?
-947744
In base 9, what is 1154436 + 160?
1154606
In base 10, what is 69 - -757309?
757378
In base 9, what is -1563854 - -45?
-1563808
In base 6, what is 524 + -1303100?
-1302132
In base 3, what is -10022102122011100 - -12?
-10022102122011011
In base 13, what is -3 + -6702a0?
-6702a3
In base 10, what is 1 - 18193726?
-18193725
In base 8, what is 1 - -20670676?
20670677
In base 12, what is -2b96 + -2a8?
-3282
In base 7, what is 5552664 + -242?
5552422
In base 2, what is -100000100010 - -1000110011111101?
1000010011011011
In base 15, what is -5 + 9ec83e?
9ec839
In base 14, what is -5 - 182cbd6a?
-182cbd71
In base 4, what is -1100 + -1330210032?
-1330211132
In base 11, what is 20771 - 5388?
16394
In base 13, what is -342 - -8029a?
7cc58
In base 3, what is 1100122112111212 + 2?
1100122112111221
In base 4, what is -3 + -22213230321?
-22213230330
In base 10, what is 15 - -1688692?
1688707
In base 13, what is -9b + 54b1a?
54a4c
In base 14, what is 8b3b04 - 25?
8b3abd
In base 4, what is 112 + 320220010?
320220122
In base 8, what is -100 - -304773?
304673
In base 14, what is -1c272b + -34?
-1c2761
In base 9, what is -352876024 + 1?
-352876023
In base 7, what is -1116 - 21063344?
-21064463
In base 13, what is b0cc7 - 9b6?
b0311
In base 15, what is -1186 + 2977?
17e1
In base 2, what is -100000011001100011101111101 + 101?
-100000011001100011101111000
In base 4, what is -13 - 20101010132?
-20101010211
In base 11, what is -4203a + 1365?
-40785
In base 8, what is -4 - 16135130?
-16135134
In base 7, what is -21005 + 2402?
-15303
In base 11, what is -99092 - -1a3?
-9899a
In base 4, what is 210132112 + -12?
210132100
In base 15, what is 5 - -edabce?
edabd4
In base 13, what is 0 - c10cc2?
-c10cc2
In base 14, what is 3242203 - -12?
3242215
In base 10, what is -892492 + 46?
-892446
In base 8, what is -51657343 - 1?
-51657344
In base 9, what is 47 - -6506387?
6506445
In base 3, what is 1110122020002 + 200120?
1110122220122
In base 14, what is -56 + -3b159?
-3b1b1
In base 5, what is -10 + -242142323?
-242142333
In base 16, what is -37c6 + -15f?
-3925
In base 5, what is 1130120402 - -1?
1130120403
In base 15, what is 1170d4 + 2?
1170d6
In base 12, what is -3b - -a7235?
a71b6
In base 15, what is -8980c1 - -b?
-8980b5
In base 2, what is -101101000110101 - -100110010?
-101100100000011
In base 8, what is 661237 - -40?
661277
In base 11, what is 4 - 9a02991?
-9a02988
In base 15, what is 16 + 1752b?
17542
In base 12, what is -70 + 39283?
39213
In base 16, what is -5 + -4a500b?
-4a5010
In base 8, what is 10761724 - -6?
10761732
In base 5, what is 3 + -111133142?
-111133134
In base 2, what is -10010001101 - -10000100010001101001?
10000011111111011100
In base 15, what is -1ce75b18 - 2?
-1ce75b1a
In base 3, what is 2 - 11100222122012?
-11100222122010
In base 13, what is c - 66a895?
-66a886
In base 6, what is 144 + -353235241?
-353235053
In base 9, what is 150207286 - -5?
150207302
In base 14, what is -1a7 - 1ddc1?
-20188
In base 4, what is 32202 - 112101331?
-112003123
In base 13, what is -85920 - -362?
-8558b
In base 7, what is 5 + 446602063?
446602101
In base 12, what is -631 - 90170?
-907a1
In base 9, what is 4656706 + -5?
4656701
In base 5, what is -14 - -303423242?
303423223
In base 4, what is -11 - -300212111122?
300212111111
In base 13, what is 368 + -12b86?
-1281b
In base 3, what is -222 - 1121021200001?
-1121021201000
In base 16, what is 48345 - 78?
482cd
In base 5, what is 41203 - -2114431?
2211134
In base 15, what is 3 - 7a9c18?
-7a9c15
In base 14, what is 6271 - b2bb?
-504a
In base 12, 